
-8
Let w = 9 + -5. Let n(s) = -1 + 3*s**2 + 2 - s**2 - w*s. Suppose -5*v + 2*v = -9. Determine n(v).
7
Let g(h) = -h**2 + 14*h - 7. Let q be g(13). Let c(f) = -3*f**2 - 2 + 0*f + f**2 + 6*f + f**2. Calculate c(q).
-2
Suppose -106 = -5*s + 34. Let b be 11*(4 - 3) - -2. Suppose b*i + s = 9*i. Let w(m) = m**2 + 8*m + 5. Determine w(i).
-2
Let v(y) = y**3 - 16*y**2 - 2*y + 32. Let o be v(16). Let f(r) = -r + 3. Give f(o).
3
Let i = 1 + 1. Let m(o) = -i*o + 3*o - 4 + 3. Suppose -119*b + 552 = -27*b. Calculate m(b).
5
Let f = -12 + 26. Let t(j) = 15 + 16*j - f*j - 27. Calculate t(8).
4
Let n(y) = y**3 + 6*y**2 + 1. Suppose 16 = 10*l + 66. What is n(l)?
26
Suppose 2 = v - 0*v. Let m(w) = 5 + 0 - 6*w + 106*w**2 - 2 - 101*w**v + w**3. Give m(-6).
3
Let y(q) be the first derivative of -2*q**2 - 2*q + 170. Determine y(5).
-22
Let v(m) = -24*m - 235. Let o be v(-10). Let b(c) = c**2 - 5*c + 2. Give b(o).
2
Let o(u) = u**3 + 4*u**2 - 10*u - 21. Let s be o(-5). Let j(v) = -v**3 + 7*v**2 - 11*v - 4. Determine j(s).
0
Let f(j) = 13*j**3 + 5*j**2 + j - 1. Let q(m) = 2*m**3 + m**2. Let s(d) = -f(d) + 2*q(d). Calculate s(-1).
8
Let q(b) = b**3 + 6*b**2 + b + 3. Let n be q(-6). Let r(a) = 4*a + 6. Let v be r(n). Let h(p) = p**2 + 7*p + 6. Calculate h(v).
0
Let u be 7 + -4 + (-4)/(-2). Suppose u*s + 6 = -9. Let i(m) be the first derivative of -m**3/3 + 4*m + 1. Calculate i(s).
-5
Let h(q) be the third derivative of q**5/4 - q**4/24 - q**3/6 + 44*q**2. Suppose 4*j - 7 = 3*u, -j + 4 = -u + 2*j. Give h(u).
15
Suppose 2*h + 4*d = -22, 0*h - 3*h - 13 = 2*d. Let i = -12 - h. Let f(z) = -z**2 - 10*z + 12. Determine f(i).
1
Let c(x) be the third derivative of -x**6/120 + x**5/60 + x**4/24 - x**3/6 - 392*x**2. What is c(0)?
-1
Suppose 22 = -38*w + 37*w - 4*o, 4*o + 12 = 0. Let b(s) = s**2 + 8*s - 18. Give b(w).
2
Let r be 2*(9/2)/(-3). Let t(h) = 15*h + 2. What is t(r)?
-43
Let b = -93 + 47. Let a = -50 - b. Let w(h) = h**3 + 3*h**2 - 4*h - 1. Calculate w(a).
-1
Let u be (-4)/(-14) + (-37)/7. Let z(q) be the second derivative of q**4/12 + 5*q**3/6 - 3*q**2 - 200*q + 2. Calculate z(u).
-6
Let z(n) be the first derivative of -n**4/4 + 4*n**3/3 - 5*n - 4. Let v be ((3 - (1 + 4)) + 3)*0. Suppose -y + 3*y = j + 4, -2*j + 2*y = v. What is z(j)?
-5
Let v(r) = -4*r + 1. Let j(c) = -12*c - 2. Let i(u) = 23*u + 3. Let z(w) = -3*i(w) - 5*j(w). Let x(q) = -5*v(q) + 2*z(q). Calculate x(7).
11
Let s(i) = 3*i**2 - 4*i + 4. Let z(g) = g**2 + g - 1. Let k(m) = -s(m) + 2*z(m). Give k(3).
3
Let v(z) be the third derivative of -z**4/24 - z**3/3 + 2*z**2 + 3. Give v(-5).
3
Let k = 9 + -5. Suppose -k = 3*f - 10. Let o(a) = -a + 3*a**2 - a - 2*a**f + 4. Calculate o(3).
7
Let o(q) = q**3 + 5*q**2 - 4. Suppose 26*f - 25 + 181 = 0. Determine o(f).
-40
Let b(k) = -k**3 - 4*k**2 + 6*k + 7. Let m be b(-5). Let a(t) = -3*t**m - 22 - t + 8 + 2*t**2. Let f = -334 + 334. Give a(f).
-14
Let t be (7 - 1)*1/(-2). Let b(s) = -s**3 - 7*s**2 - 2*s + 3. What is b(t)?
-27
Let t(p) = p**2 + 7*p - 5. Let b(k) = k + 2*k**2 - 11 + 3*k + 11*k. Let n(s) = 4*b(s) - 9*t(s). Determine n(-3).
1
Let j(b) be the second derivative of -6*b - 7/6*b**3 + 0*b**2 + 1/60*b**5 - 1/12*b**4 + 0. Let i(a) be the second derivative of j(a). Give i(2).
2
Let z = 18 + -12. Let l(b) = b**3 + b**2 - b - 1. Let g(c) = -3 + 10*c - 2*c**2 + 4*c**2 - 3*c**3 + c**2 - 1. Let k(i) = -g(i) - 2*l(i). Determine k(z).
-6
Let k(p) = -p**3 - 6*p**2 - 6*p + 1. Let h be -3*(12/20 + (-4)/(-10)). Let q be (5/h)/((-12)/(-9) - 1). Give k(q).
6
Let z(k) = -22 - 41 + k + 39. Calculate z(0).
-24
Let g be 18/(-4)*(-208)/(-39). Let o be -3*21*3/9. Let u = g - o. Let p(n) = 3*n + 3. What is p(u)?
-6
Let w(f) = 4*f + 1. Let l(i) = 2 - 3 + 1 - 2 + i. Suppose 5*d - 5 = -4*q, 3*q + 4*d = -q + 4. Let z be l(q). Determine w(z).
-7
Suppose -3*j - 16 = 2*q, 0*q - 4 = 2*j - 2*q. Let u(w) = -w**3 - 6*w**2 - 5*w + 1. Determine u(j).
-11
Let n be (-1)/7 + (-80)/(-70). Let q(z) = -n - 28*z + 1 + 31*z. Calculate q(-5).
-15
Suppose -1796 = 171*v - 257. Let z(u) = 4*u**2 + u**3 + 2*u + 13 - 1 + 5*u**2. Calculate z(v).
-6
Let w be (0 + 5)*3 + 0. Suppose 0 = -5*a + 45 - w. Let u(n) = -7*n**2 + 8*n - 1. Let c(h) = 15*h**2 - 16*h + 1. Let p(l) = 6*c(l) + 13*u(l). What is p(a)?
5
Let t(b) = 5*b - 1. Suppose m + 0*r + r = -1, 9 = -3*r. Suppose m = -16*o - 30. Calculate t(o).
-11
Let h(d) be the first derivative of d**5/120 - 11*d**4/24 - 10*d**3 - 3. Let m(x) be the third derivative of h(x). Calculate m(7).
-4
Let h = 168 + -335/2. Let a(x) be the first derivative of -x + 3 - h*x**2. Calculate a(2).
-3
Let n(r) be the third derivative of 3/4*r**4 - 15*r**2 + 0*r - 7/3*r**3 + 0 - 1/120*r**5. Let p(m) be the first derivative of n(m). Determine p(0).
18
Suppose 0 = -32*x + 33*x - 2. Let d(c) = -c**2 - c. Let n(l) = 4*l**2 + 8*l - 1. Let a(m) = 6*d(m) + n(m). What is a(x)?
-5
Let o(m) be the first derivative of 2*m**3/3 + m**2/2 - 2*m + 3331. Let p be (0 - 1)/(2/(-4)). What is o(p)?
8
Let j = 32 - 19. Suppose 12 = o + j. Let b(q) = -5*q**3 + q**2. Give b(o).
6
Let t(x) = 7*x**2 - 1. Suppose -5*b = -6*m + 2*m + 7, -5*b - 2*m = -11. Let a be (32 + -5)*b/3. Suppose -3*u - 5 = -4*y, -5*u - 6 = a. Give t(y).
6
Let s(m) = m + 11. Let w be s(-8). Let l(a) = w + 2*a - a - 10. Give l(5).
-2
Let d(i) = -2*i - 13. Let n be d(-9). Let h(m) = m**2 + 5*m - 10. Let w(x) = 2*x**2 + 10*x - 21. Let l(r) = n*h(r) - 2*w(r). Let j = 7 - 13. Determine l(j).
-2
Let a = 32 + -30. Let i(o) = -o - 2 + a + 1. Calculate i(6).
-5
Let f(p) = -p**3 + 5*p**2. Let h(w) = -w**2 + 12*w - 15. Suppose 3*i - 43 = -4*c, 5*c = -3*i + 70 - 17. Let d be h(c). Calculate f(d).
0
Let j = -43 + 130/3. Let b(a) be the first derivative of -3*a**2 - j*a**3 - 2 - a. What is b(-5)?
4
Suppose 2*f - 2*w = 16, w = -f + 1 - 3. Suppose 2*l + 16 = -4*d - 3*l, -f*l = 5*d + 20. Let q(x) = 3*x - 1. Give q(d).
-13
Let h = 49 + -55. Let r(s) be the first derivative of -3*s**2/2 - 2*s - 1. Let m(g) = -16*g - 11. Let k(f) = h*m(f) + 33*r(f). Determine k(3).
-9
Suppose -4*t + 0*f + 4*f - 40 = 0, 2*f = 0. Let s(c) = -c**3 - 3*c - 10*c - 1 - 11*c**2 + 5 + 4*c. Give s(t).
-6
Let m = -2 + 8. Suppose -18 = -4*n + p, -2*n = -p + 2*p - m. Let f(x) = -2*x + 0*x - n + 3*x. Calculate f(8).
4
Let s = -2134 + 2133. Let n(k) = -k**3 + 2*k**2 + k + 4. Let z(f) = 1. Let w(b) = n(b) - 4*z(b). Calculate w(s).
2
Let g(l) = l**2 - 8*l - 4. Let x(r) = r**3 + 10*r**2 + 17*r + 1. Let q be x(-7). Let j = -20 + q. Let c be g(j). Let b(t) = t**3 - 4*t**2 - 6*t. What is b(c)?
-5
Let m(d) = -d**3 - 9*d**2 + 17*d + 207. Let b be m(-8). Let o(x) = x**2 - 7*x + 5. What is o(b)?
5
Let f(l) = l**3 - 2*l**2 - 5*l - 2. Suppose -4*a + 2*j + 8 = -2*j, -5*a + 3*j + 14 = 0. Determine f(a).
10
Let b(c) = -c**2 - 17*c - 11. Let j(q) = -q**2 - 19*q - 12. Let u(d) = 6*b(d) - 5*j(d). Determine u(-5).
4
Let m(l) be the third derivative of -l**5/60 + 7*l**4/24 - 2*l**3 + 277*l**2. Give m(11).
-56
Let h(q) = q**3 - 5*q**2 + 7*q - 9. Let l be h(4). Let k(z) = 1 + 9*z**l + 4*z**2 - 7 - 5*z - 8*z**3. Let s(r) = -r**2 - r + 1. Let j be s(-3). Calculate k(j).
-6
Let n(a) be the second derivative of -a**3/3 - 3*a**2/2 + 662*a. Give n(-1).
-1
Let j(q) = -5*q**3 + 10*q**2 - 11*q + 3. Let h(k) = -9*k**3 + 19*k**2 - 21*k + 7. Let w(y) = -4*h(y) + 7*j(y). Determine w(5).
3
Let g(f) = 2*f - 3. Let j(x) be the second derivative of -x**4/6 - x**3/3 - 8*x. Let z be j(-2). Let q be 2*(-1)/(z/10). Calculate g(q).
7
Let x(p) = 20*p**3 - 2*p**2 + 1. Let s(a) = 2*a**2 + 35*a + 86. Let u be s(-3). Calculate x(u).
-21
Suppose 10 = 41*q - 36*q. Let h(b) = 115*b - 106*b + b**q - 7 + 18. Calculate h(-8).
3
Let v(g) = g**2 + 5 + 0*g**2 + 4*g - 3*g. Let m be v(0). Let f(x) = -x**3 - x**2. Let c(u) = -u**3 - 7*u**2 + 4. Let r(t) = -c(t) + 2*f(t). Calculate r(m).
-4
Let s be (43 + -1)*(-1)/(-3). Let t = 17 - s. Suppose -15 = -3*v + t. Let i(z) = -z + 5. Determine i(v).
-1
Let l(g) be the second derivative of -g**3/3 - 61*g. What is l(1)?
-2
Let o(q) = 7*q**2 + 3 + 7 + 3*q**2 - 8*q - 9*q**2. Calculate o(7).
3
Let u(s) = s**2 - 30850 + 30866 - 2*s + 10*s - s**3 + 8*s**2. Determine u(10).
-4
Let b(c) = 14*c + 3. Let j(n) be the second derivative of -n**3/3 - 15*n. Let d(s) = -b(s) - 6*j(s). What is d(-6)?
9
Suppose -4 = 6*i -